{"id":175,"date":"2024-04-12T08:07:28","date_gmt":"2024-04-12T08:07:28","guid":{"rendered":"http:\/\/127.0.0.1\/tdnog\/?page_id=175"},"modified":"2025-10-04T10:44:54","modified_gmt":"2025-10-04T10:44:54","slug":"mot-de-president","status":"publish","type":"page","link":"https:\/\/www.tdnog.org\/?page_id=175","title":{"rendered":"MOT DE PRESIDENT"},"content":{"rendered":"\t\t<div data-elementor-type=\"wp-page\" data-elementor-id=\"175\" class=\"elementor elementor-175\">\n\t\t\t\t\t\t<section class=\"elementor-section elementor-top-section elementor-element elementor-element-291d854 elementor-section-boxed elementor-section-height-default elementor-section-height-default\" data-id=\"291d854\" data-element_type=\"section\">\n\t\t\t\t\t\t<div class=\"elementor-container elementor-column-gap-default\">\n\t\t\t\t\t<div class=\"elementor-column elementor-col-100 elementor-top-column elementor-element elementor-element-accbca1\" data-id=\"accbca1\" data-element_type=\"column\">\n\t\t\t<div class=\"elementor-widget-wrap elementor-element-populated\">\n\t\t\t\t\t\t\t<\/div>\n\t\t<\/div>\n\t\t\t\t\t<\/div>\n\t\t<\/section>\n\t\t\t\t<section class=\"elementor-section elementor-top-section elementor-element elementor-element-ec1eeac elementor-section-boxed elementor-section-height-default elementor-section-height-default\" data-id=\"ec1eeac\" data-element_type=\"section\">\n\t\t\t\t\t\t<div class=\"elementor-container elementor-column-gap-default\">\n\t\t\t\t\t<div class=\"elementor-column elementor-col-100 elementor-top-column elementor-element elementor-element-1f09c19\" data-id=\"1f09c19\" data-element_type=\"column\">\n\t\t\t<div class=\"elementor-widget-wrap\">\n\t\t\t\t\t\t\t<\/div>\n\t\t<\/div>\n\t\t\t\t\t<\/div>\n\t\t<\/section>\n\t\t\t\t<section class=\"elementor-section elementor-top-section elementor-element elementor-element-af35315 elementor-section-boxed elementor-section-height-default elementor-section-height-default\" data-id=\"af35315\" data-element_type=\"section\">\n\t\t\t\t\t\t<div class=\"elementor-container elementor-column-gap-default\">\n\t\t\t\t\t<div class=\"elementor-column elementor-col-100 elementor-top-column elementor-element elementor-element-74a1e65\" data-id=\"74a1e65\" data-element_type=\"column\">\n\t\t\t<div class=\"elementor-widget-wrap elementor-element-populated\">\n\t\t\t\t\t\t<div class=\"elementor-element elementor-element-897e178 elementor-align-center elementor-widget elementor-widget-button\" data-id=\"897e178\" data-element_type=\"widget\" data-widget_type=\"button.default\">\n\t\t\t\t<div class=\"elementor-widget-container\">\n\t\t\t\t\t<div class=\"elementor-button-wrapper\">\n\t\t\t<a class=\"elementor-button elementor-button-link elementor-size-sm\" href=\"#\">\n\t\t\t\t\t\t<span class=\"elementor-button-content-wrapper\">\n\t\t\t\t\t\t\t\t\t<span class=\"elementor-button-text\">MOT du PRESIDENT<\/span>\n\t\t\t\t\t<\/span>\n\t\t\t\t\t<\/a>\n\t\t<\/div>\n\t\t\t\t<\/div>\n\t\t\t\t<\/div>\n\t\t\t\t\t<\/div>\n\t\t<\/div>\n\t\t\t\t\t<\/div>\n\t\t<\/section>\n\t\t\t\t<section class=\"elementor-section elementor-top-section elementor-element elementor-element-c76f379 elementor-section-boxed elementor-section-height-default elementor-section-height-default\" data-id=\"c76f379\" data-element_type=\"section\">\n\t\t\t\t\t\t<div class=\"elementor-container elementor-column-gap-default\">\n\t\t\t\t\t<div class=\"elementor-column elementor-col-100 elementor-top-column elementor-element elementor-element-e04dd67\" data-id=\"e04dd67\" data-element_type=\"column\">\n\t\t\t<div class=\"elementor-widget-wrap elementor-element-populated\">\n\t\t\t\t\t\t<div class=\"elementor-element elementor-element-2de01e5 elementor-widget elementor-widget-text-editor\" data-id=\"2de01e5\" data-element_type=\"widget\" data-widget_type=\"text-editor.default\">\n\t\t\t\t<div class=\"elementor-widget-container\">\n\t\t\t<style>\/*! elementor - v3.21.0 - 30-04-2024 *\/\n.elementor-widget-text-editor.elementor-drop-cap-view-stacked .elementor-drop-cap{background-color:#69727d;color:#fff}.elementor-widget-text-editor.elementor-drop-cap-view-framed .elementor-drop-cap{color:#69727d;border:3px solid;background-color:transparent}.elementor-widget-text-editor:not(.elementor-drop-cap-view-default) .elementor-drop-cap{margin-top:8px}.elementor-widget-text-editor:not(.elementor-drop-cap-view-default) .elementor-drop-cap-letter{width:1em;height:1em}.elementor-widget-text-editor .elementor-drop-cap{float:left;text-align:center;line-height:1;font-size:50px}.elementor-widget-text-editor .elementor-drop-cap-letter{display:inline-block}<\/style>\t\t\t\t<p>\u00a0 <img decoding=\"async\" src=\"https:\/\/www.tdnog.org\/wp-content\/uploads\/2024\/05\/mahamouth.png\" alt=\"\" width=\"166\" height=\"251\" \/><\/p><p><span style=\"color: #0000ff;\">\u00a0<\/span><\/p><p data-start=\"210\" data-end=\"368\"><span dir=\"auto\" style=\"vertical-align: inherit;\"><span dir=\"auto\" style=\"vertical-align: inherit;\">L&#8217;\u00e9change d&#8217;id\u00e9es constitue pour nous une priorit\u00e9 essentielle. La formation, tant au niveau national qu&#8217;international, demeure au c\u0153ur de nos pr\u00e9occupations.<\/span><\/span><\/p><p data-start=\"370\" data-end=\"647\"><span dir=\"auto\" style=\"vertical-align: inherit;\"><span dir=\"auto\" style=\"vertical-align: inherit;\">Notre objectif principal est de promouvoir la s\u00e9curisation, la formation et le partage des connaissances. Cette plateforme se positionne comme un espace inclusif et ouvert \u00e0 tous, rassemblant professionnels, chercheurs, innovateurs et innovatrices, ainsi que l\u2019ensemble des acteurs de l\u2019\u00e9cosyst\u00e8me ing\u00e9nieur.<\/span><\/span><\/p><p data-start=\"649\" data-end=\"928\"><span dir=\"auto\" style=\"vertical-align: inherit;\"><span dir=\"auto\" style=\"vertical-align: inherit;\">Nous \u0153uvrons \u00e9galement \u00e0 rendre l&#8217;acc\u00e8s \u00e0 Internet plus ouvert et disponible pour nos populations. \u00c0 l&#8217;\u00e8re du num\u00e9rique, Internet joue un r\u00f4le crucial dans le d\u00e9veloppement socio\u00e9conomique. Malheureusement, ses coupures r\u00e9currentes freinent lourdement nos activit\u00e9s quotidiennes.<\/span><\/span><\/p><p data-start=\"930\" data-end=\"1066\"><span dir=\"auto\" style=\"vertical-align: inherit;\"><span dir=\"auto\" style=\"vertical-align: inherit;\">Cela dit, nous comprenons aussi que l&#8217;\u00c9tat agit dans le souci de pr\u00e9server la s\u00e9curit\u00e9 nationale, qui reste une priorit\u00e9 pour tout pays.<\/span><\/span><\/p><p data-start=\"174\" data-end=\"469\"><span dir=\"auto\" style=\"vertical-align: inherit;\"><span dir=\"auto\" style=\"vertical-align: inherit;\">Nous faisons un usage responsable d&#8217;Internet. Cet outil, devenu indispensable, ne doit en aucun cas servir \u00e0 des actes diffamatoires ou malveillants. Au contraire, Internet nous rend d&#8217;immenses services, et nous nous engageons \u00e0 contribuer \u00e0 son d\u00e9veloppement de mani\u00e8re constructive et \u00e9thique.<\/span><\/span><\/p><p data-start=\"471\" data-end=\"730\"><span dir=\"auto\" style=\"vertical-align: inherit;\"><span dir=\"auto\" style=\"vertical-align: inherit;\">Il convient \u00e9galement de saluer les efforts d\u00e9ploy\u00e9s par la communaut\u00e9 technique, qui \u0153uvre sans rel\u00e2che pour limiter les ing\u00e9rences excessives des gouvernements dans le fonctionnement d&#8217;Internet, tout en veillant \u00e0 pr\u00e9server la s\u00e9curit\u00e9 et l&#8217;int\u00e9r\u00eat g\u00e9n\u00e9ral.<\/span><\/span><\/p><p data-start=\"732\" data-end=\"965\"><span dir=\"auto\" style=\"vertical-align: inherit;\"><span dir=\"auto\" style=\"vertical-align: inherit;\">\u00c0 cette occasion, <\/span><\/span><strong data-start=\"750\" data-end=\"759\"><span dir=\"auto\" style=\"vertical-align: inherit;\"><span dir=\"auto\" style=\"vertical-align: inherit;\">TDNOG<\/span><\/span><\/strong><span dir=\"auto\" style=\"vertical-align: inherit;\"><span dir=\"auto\" style=\"vertical-align: inherit;\"> tient \u00e0 r\u00e9it\u00e9rer sa profonde reconnaissance au Gouvernement de la R\u00e9publique du Tchad, ainsi qu&#8217;\u00e0 l&#8217;ensemble de nos partenaires, pour leur soutien constant et leur collaboration dans notre mission commune.<\/span><\/span><\/p>\t\t\t\t\t\t<\/div>\n\t\t\t\t<\/div>\n\t\t\t\t\t<\/div>\n\t\t<\/div>\n\t\t\t\t\t<\/div>\n\t\t<\/section>\n\t\t\t\t<section class=\"elementor-section elementor-top-section elementor-element elementor-element-807389c elementor-section-boxed elementor-section-height-default elementor-section-height-default\" data-id=\"807389c\" data-element_type=\"section\">\n\t\t\t\t\t\t<div class=\"elementor-container elementor-column-gap-default\">\n\t\t\t\t\t<div class=\"elementor-column elementor-col-100 elementor-top-column elementor-element elementor-element-865edd9\" data-id=\"865edd9\" data-element_type=\"column\">\n\t\t\t<div class=\"elementor-widget-wrap elementor-element-populated\">\n\t\t\t\t\t\t<div class=\"elementor-element elementor-element-4694c4b elementor-align-center elementor-widget elementor-widget-button\" data-id=\"4694c4b\" data-element_type=\"widget\" data-widget_type=\"button.default\">\n\t\t\t\t<div class=\"elementor-widget-container\">\n\t\t\t\t\t<div class=\"elementor-button-wrapper\">\n\t\t\t<a class=\"elementor-button elementor-button-link elementor-size-sm\" href=\"#\">\n\t\t\t\t\t\t<span class=\"elementor-button-content-wrapper\">\n\t\t\t\t\t\t\t\t\t<span class=\"elementor-button-text\">Membre de Bureau Executif<\/span>\n\t\t\t\t\t<\/span>\n\t\t\t\t\t<\/a>\n\t\t<\/div>\n\t\t\t\t<\/div>\n\t\t\t\t<\/div>\n\t\t\t\t\t<\/div>\n\t\t<\/div>\n\t\t\t\t\t<\/div>\n\t\t<\/section>\n\t\t\t\t<section class=\"elementor-section elementor-top-section elementor-element elementor-element-66e0266 elementor-section-boxed elementor-section-height-default elementor-section-height-default\" data-id=\"66e0266\" data-element_type=\"section\">\n\t\t\t\t\t\t<div class=\"elementor-container elementor-column-gap-default\">\n\t\t\t\t\t<div class=\"elementor-column elementor-col-100 elementor-top-column elementor-element elementor-element-b1ef23f\" data-id=\"b1ef23f\" data-element_type=\"column\">\n\t\t\t<div class=\"elementor-widget-wrap elementor-element-populated\">\n\t\t\t\t\t\t<div class=\"elementor-element elementor-element-477ad99 elementor-widget__width-auto elementor-widget elementor-widget-text-editor\" data-id=\"477ad99\" data-element_type=\"widget\" data-widget_type=\"text-editor.default\">\n\t\t\t\t<div class=\"elementor-widget-container\">\n\t\t\t\t\t\t\t<p><strong>\u00a0<\/strong><\/p><p>Le bureau ex\u00e9cutif est l\u2019organe charg\u00e9 de la gestion et administration de association. Il est compose des six (6) membres r\u00e9partis comme suit:<\/p><ul><li>President :\u00a0 MAHAMOUTH SALEH BABA<\/li><li>Vice-president : Pr. DAOUDA AHMAT MAHAMAT<\/li><li>Responsible\u00a0 technique :\u00a0 DANSAIBO KOYE<\/li><li>Charge de la communication :\u00a0 ADAM AHMAT DOUNGOUS<\/li><li>Tr\u00e9sorier :\u00a0 NGARE SALEH NGARE<\/li><li>Secretariat charge de relations ext\u00e9rieures :\u00a0 CHAMS AL-CHARIF NIME<\/li><\/ul>\t\t\t\t\t\t<\/div>\n\t\t\t\t<\/div>\n\t\t\t\t\t<\/div>\n\t\t<\/div>\n\t\t\t\t\t<\/div>\n\t\t<\/section>\n\t\t\t\t<section class=\"elementor-section elementor-top-section elementor-element elementor-element-1c17a9a elementor-section-boxed elementor-section-height-default elementor-section-height-default\" data-id=\"1c17a9a\" data-element_type=\"section\">\n\t\t\t\t\t\t<div class=\"elementor-container elementor-column-gap-default\">\n\t\t\t\t\t<div class=\"elementor-column elementor-col-100 elementor-top-column elementor-element elementor-element-129c957\" data-id=\"129c957\" data-element_type=\"column\">\n\t\t\t<div class=\"elementor-widget-wrap elementor-element-populated\">\n\t\t\t\t\t\t<div class=\"elementor-element elementor-element-2183541 elementor-widget elementor-widget-sp_wp_carousel_shortcode\" data-id=\"2183541\" data-element_type=\"widget\" data-widget_type=\"sp_wp_carousel_shortcode.default\">\n\t\t\t\t<div class=\"elementor-widget-container\">\n\t\t\t <style id=\"wp_carousel_dynamic_css735\">#sp-wp-carousel-free-id-735.sp-wpcp-735 .wpcp-single-item {border: 1px solid #dddddd;} .wpcp-wrapper-735 .sp-wpcpro-section-title, .postbox .wpcp-wrapper-735 .sp-wpcpro-section-title, #poststuff .wpcp-wrapper-735 .sp-wpcpro-section-title { margin-bottom: 30px; }#sp-wp-carousel-free-id-735.sp-wpcp-735 .swiper-button-prev,#sp-wp-carousel-free-id-735.sp-wpcp-735 .swiper-button-next,#sp-wp-carousel-free-id-735.sp-wpcp-735 .swiper-button-prev:hover,#sp-wp-carousel-free-id-735.sp-wpcp-735 .swiper-button-next:hover {background: none;border: none;font-size: 30px;}#sp-wp-carousel-free-id-735.sp-wpcp-735 .swiper-button-prev i,#sp-wp-carousel-free-id-735.sp-wpcp-735 .swiper-button-next i {color: #aaa;}#sp-wp-carousel-free-id-735.sp-wpcp-735 .swiper-button-prev i:hover,#sp-wp-carousel-free-id-735.sp-wpcp-735 .swiper-button-next i:hover {color: #178087;}#sp-wp-carousel-free-id-735.sp-wpcp-735 .wpcp-swiper-dots .swiper-pagination-bullet {background-color: #cccccc;}#sp-wp-carousel-free-id-735.sp-wpcp-735 .wpcp-swiper-dots .swiper-pagination-bullet.swiper-pagination-bullet-active {background-color: #178087;} #sp-wp-carousel-free-id-735.sp-wpcp-735.wpcp-image-carousel .wpcp-single-item:hover img, #sp-wp-carousel-free-id-735.sp-wpcp-735.wpcp-post-carousel .wpcp-single-item:hover img, #sp-wp-carousel-free-id-735.sp-wpcp-735.wpcp-product-carousel .wpcp-single-item:hover img{-webkit-transform: scale(1.2);-moz-transform: scale(1.2);transform: scale(1.2);}#sp-wp-carousel-free-id-735 .wpcpro-row>[class*=\"wpcpro-col-\"] { padding: 0 10px; padding-bottom: 20px;}@media (min-width: 480px) { .wpcpro-row .wpcpro-col-sm-1 { flex: 0 0 100%; max-width: 100%; } .wpcpro-row .wpcpro-col-sm-2 { flex: 0 0 50%; max-width: 50%; } .wpcpro-row .wpcpro-col-sm-2-5 { flex: 0 0 75%; max-width: 75%; } .wpcpro-row .wpcpro-col-sm-3 { flex: 0 0 33.333%; max-width: 33.333%; } .wpcpro-row .wpcpro-col-sm-4 { flex: 0 0 25%; max-width: 25%; } .wpcpro-row .wpcpro-col-sm-5 { flex: 0 0 20%; max-width: 20%; } .wpcpro-row .wpcpro-col-sm-6 { flex: 0 0 16.66666666666667%; max-width: 16.66666666666667%; } .wpcpro-row .wpcpro-col-sm-7 { flex: 0 0 14.28571428%; max-width: 14.28571428%; } .wpcpro-row .wpcpro-col-sm-8 { flex: 0 0 12.5%; max-width: 12.5%; } } @media (max-width: 480px) { .wpcpro-row .wpcpro-col-xs-1 { flex: 0 0 100%; max-width: 100%; } .wpcpro-row .wpcpro-col-xs-2 { flex: 0 0 50%; max-width: 50%; } .wpcpro-row .wpcpro-col-xs-3 { flex: 0 0 33.222%; max-width: 33.222%; } .wpcpro-row .wpcpro-col-xs-4 { flex: 0 0 25%; max-width: 25%; } .wpcpro-row .wpcpro-col-xs-5 { flex: 0 0 20%; max-width: 20%; } .wpcpro-row .wpcpro-col-xs-6 { flex: 0 0 16.6667%; max-width: 16.6667%; } .wpcpro-row .wpcpro-col-xs-7 { flex: 0 0 14.28571428%; max-width: 14.28571428%; } .wpcpro-row .wpcpro-col-xs-8 { flex: 0 0 12.5%; max-width: 12.5%; } } @media (min-width: 736px) { .wpcpro-row .wpcpro-col-md-1 { flex: 0 0 100%; max-width: 100%; } .wpcpro-row .wpcpro-col-md-2 { flex: 0 0 50%; max-width: 50%; } .wpcpro-row .wpcpro-col-md-2-5 { flex: 0 0 75%; max-width: 75%; } .wpcpro-row .wpcpro-col-md-3 { flex: 0 0 33.333%; max-width: 33.333%; } .wpcpro-row .wpcpro-col-md-4 { flex: 0 0 25%; max-width: 25%; } .wpcpro-row .wpcpro-col-md-5 { flex: 0 0 20%; max-width: 20%; } .wpcpro-row .wpcpro-col-md-6 { flex: 0 0 16.66666666666667%; max-width: 16.66666666666667%; } .wpcpro-row .wpcpro-col-md-7 { flex: 0 0 14.28571428%; max-width: 14.28571428%; } .wpcpro-row .wpcpro-col-md-8 { flex: 0 0 12.5%; max-width: 12.5%; } } @media (min-width: 980px) { .wpcpro-row .wpcpro-col-lg-1 { flex: 0 0 100%; max-width: 100%; } .wpcpro-row .wpcpro-col-lg-2 { flex: 0 0 50%; max-width: 50%; } .wpcpro-row .wpcpro-col-lg-3 { flex: 0 0 33.222%; max-width: 33.222%; } .wpcpro-row .wpcpro-col-lg-4 { flex: 0 0 25%; max-width: 25%; } .wpcpro-row .wpcpro-col-lg-5 { flex: 0 0 20%; max-width: 20%; } .wpcpro-row .wpcpro-col-lg-6 { flex: 0 0 16.6667%; max-width: 16.6667%; } .wpcpro-row .wpcpro-col-lg-7 { flex: 0 0 14.28571428%; max-width: 14.28571428%; } .wpcpro-row .wpcpro-col-lg-8 { flex: 0 0 12.5%; max-width: 12.5%; } } @media (min-width: 1200px) { .wpcpro-row .wpcpro-col-xl-1 { flex: 0 0 100%; max-width: 100%; } .wpcpro-row .wpcpro-col-xl-2 { flex: 0 0 50%; max-width: 50%; } .wpcpro-row .wpcpro-col-xl-3 { flex: 0 0 33.22222222%; max-width: 33.22222222%; } .wpcpro-row .wpcpro-col-xl-4 { flex: 0 0 25%; max-width: 25%; } .wpcpro-row .wpcpro-col-xl-5 { flex: 0 0 20%; max-width: 20%; } .wpcpro-row .wpcpro-col-xl-6 { flex: 0 0 16.66667%; max-width: 16.66667%; } .wpcpro-row .wpcpro-col-xl-7 { flex: 0 0 14.28571428%; max-width: 14.28571428%; } .wpcpro-row .wpcpro-col-xl-8 { flex: 0 0 12.5%; max-width: 12.5%; } }<\/style><div class=\"wpcp-carousel-wrapper wpcp-wrapper-735\">\n\t<h2 class=\"sp-wpcpro-section-title\"> Membre du Bureau Ex\u00e9cutif <\/h2>\n<div id=\"wpcp-preloader-735\" class=\"wpcp-carousel-preloader\"><img decoding=\"async\" src=\"https:\/\/www.tdnog.org\/wp-content\/plugins\/wp-carousel-free\/public\/css\/spinner.svg\" alt=\"Preloader Image\" \/><\/div>\t<div class=\"wpcp-carousel-content-wrapper\">\n\t<div id=\"sp-wp-carousel-free-id-735\" class=\"wpcp-carousel-section sp-wpcp-735  nav-vertical-center wpcp-image-carousel wpcp-preloader wpcp-standard\" data-swiper='{ &quot;accessibility&quot;:true, &quot;spaceBetween&quot;:20, &quot;arrows&quot;:true, &quot;freeMode&quot;: false, &quot;autoplay&quot;:true, &quot;autoplaySpeed&quot;:3000, &quot;dots&quot;:true, &quot;infinite&quot;:true, &quot;speed&quot;:600, &quot;pauseOnHover&quot;:true,\n\t\t\t&quot;slidesToShow&quot;:{&quot;lg_desktop&quot;:5, &quot;desktop&quot;: 4, &quot;laptop&quot;: 3, &quot;tablet&quot;: 2, &quot;mobile&quot;: 1}, &quot;responsive&quot;:{&quot;desktop&quot;:1200, &quot;laptop&quot;: 980, &quot;tablet&quot;: 736, &quot;mobile&quot;: 480}, &quot;rtl&quot;:false, &quot;lazyLoad&quot;: &quot;false&quot;, &quot;swipe&quot;: true, &quot;draggable&quot;: true, &quot;swipeToSlide&quot;:false }' dir=\"ltr\">\n\t\t<div class=\"swiper-wrapper\">\n\t\t<div class=\"swiper-slide\">\n\t<div class=\"wpcp-single-item\">\n\t\t\t<a class=\"wcp-light-box\" data-buttons='[\"close\"]' data-wpc_url='https:\/\/www.tdnog.org\/wp-content\/uploads\/2024\/05\/KOYE-1.png' href=\"https:\/\/www.tdnog.org\/wp-content\/uploads\/2024\/05\/KOYE-1.png\" data-fancybox=\"wpcp_view\">\n\t\t<figure>\n\t\t\t<img decoding=\"async\" class=\"skip-lazy\" src=\"https:\/\/www.tdnog.org\/wp-content\/uploads\/2024\/05\/KOYE-1.png\" alt=\"KOYE\" width=\"151\" height=\"210\">\t\t<\/figure>\n\t<\/a>\n\t\t<\/div>\n<\/div>\n\t<div class=\"swiper-slide\">\n\t<div class=\"wpcp-single-item\">\n\t\t\t<a class=\"wcp-light-box\" data-buttons='[\"close\"]' data-wpc_url='https:\/\/www.tdnog.org\/wp-content\/uploads\/2024\/05\/angare-1.png' href=\"https:\/\/www.tdnog.org\/wp-content\/uploads\/2024\/05\/angare-1.png\" data-fancybox=\"wpcp_view\">\n\t\t<figure>\n\t\t\t<img decoding=\"async\" class=\"skip-lazy\" src=\"https:\/\/www.tdnog.org\/wp-content\/uploads\/2024\/05\/angare-1.png\" alt=\"angare\" width=\"150\" height=\"222\">\t\t<\/figure>\n\t<\/a>\n\t\t<\/div>\n<\/div>\n\t<div class=\"swiper-slide\">\n\t<div class=\"wpcp-single-item\">\n\t\t\t<a class=\"wcp-light-box\" data-buttons='[\"close\"]' data-wpc_url='https:\/\/www.tdnog.org\/wp-content\/uploads\/2024\/05\/mahamouth.png' href=\"https:\/\/www.tdnog.org\/wp-content\/uploads\/2024\/05\/mahamouth.png\" data-fancybox=\"wpcp_view\">\n\t\t<figure>\n\t\t\t<img loading=\"lazy\" decoding=\"async\" class=\"skip-lazy\" src=\"https:\/\/www.tdnog.org\/wp-content\/uploads\/2024\/05\/mahamouth.png\" alt=\"mahamouth\" width=\"141\" height=\"213\">\t\t<\/figure>\n\t<\/a>\n\t\t<\/div>\n<\/div>\n\t<div class=\"swiper-slide\">\n\t<div class=\"wpcp-single-item\">\n\t\t\t<a class=\"wcp-light-box\" data-buttons='[\"close\"]' data-wpc_url='https:\/\/www.tdnog.org\/wp-content\/uploads\/2024\/05\/ADAMM-1.png' href=\"https:\/\/www.tdnog.org\/wp-content\/uploads\/2024\/05\/ADAMM-1.png\" data-fancybox=\"wpcp_view\">\n\t\t<figure>\n\t\t\t<img loading=\"lazy\" decoding=\"async\" class=\"skip-lazy\" src=\"https:\/\/www.tdnog.org\/wp-content\/uploads\/2024\/05\/ADAMM-1.png\" alt=\"ADAMM\" width=\"141\" height=\"222\">\t\t<\/figure>\n\t<\/a>\n\t\t<\/div>\n<\/div>\n\t\t\t<\/div>\n\t\t\t\t\t<div class=\"wpcp-swiper-dots swiper-pagination\"><\/div>\n\t\t\t\t<!-- If we need navigation buttons -->\n\t\t\t\t\t<div class=\"wpcp-prev-button swiper-button-prev\"><i class=\"fa fa-angle-left\"><\/i><\/div>\n\t\t\t<div class=\"wpcp-next-button swiper-button-next\"><i class=\"fa fa-angle-right\"><\/i><\/div>\n\t\t\t<\/div>\n\t<\/div>\n<\/div>\n\t\t<\/div>\n\t\t\t\t<\/div>\n\t\t\t\t<div class=\"elementor-element elementor-element-ca71512 elementor-widget elementor-widget-sp_wp_carousel_shortcode\" data-id=\"ca71512\" data-element_type=\"widget\" data-widget_type=\"sp_wp_carousel_shortcode.default\">\n\t\t\t\t<div class=\"elementor-widget-container\">\n\t\t\t<div style=\"text-align: center; margin-top: 0; padding: 10px\" class=\"elementor-add-section-drag-title\">Select a shortcode<\/div>\t\t<\/div>\n\t\t\t\t<\/div>\n\t\t\t\t\t<\/div>\n\t\t<\/div>\n\t\t\t\t\t<\/div>\n\t\t<\/section>\n\t\t\t\t<\/div>\n\t\t","protected":false},"excerpt":{"rendered":"<p>MOT du PRESIDENT \u00a0 \u00a0 L&#8217;\u00e9change d&#8217;id\u00e9es constitue pour nous [&hellip;]<\/p>\n","protected":false},"author":1,"featured_media":0,"parent":0,"menu_order":0,"comment_status":"closed","ping_status":"closed","template":"","meta":{"footnotes":""},"class_list":["post-175","page","type-page","status-publish","hentry"],"_links":{"self":[{"href":"https:\/\/www.tdnog.org\/index.php?rest_route=\/wp\/v2\/pages\/175","targetHints":{"allow":["GET"]}}],"collection":[{"href":"https:\/\/www.tdnog.org\/index.php?rest_route=\/wp\/v2\/pages"}],"about":[{"href":"https:\/\/www.tdnog.org\/index.php?rest_route=\/wp\/v2\/types\/page"}],"author":[{"embeddable":true,"href":"https:\/\/www.tdnog.org\/index.php?rest_route=\/wp\/v2\/users\/1"}],"replies":[{"embeddable":true,"href":"https:\/\/www.tdnog.org\/index.php?rest_route=%2Fwp%2Fv2%2Fcomments&post=175"}],"version-history":[{"count":148,"href":"https:\/\/www.tdnog.org\/index.php?rest_route=\/wp\/v2\/pages\/175\/revisions"}],"predecessor-version":[{"id":1049,"href":"https:\/\/www.tdnog.org\/index.php?rest_route=\/wp\/v2\/pages\/175\/revisions\/1049"}],"wp:attachment":[{"href":"https:\/\/www.tdnog.org\/index.php?rest_route=%2Fwp%2Fv2%2Fmedia&parent=175"}],"curies":[{"name":"wp","href":"https:\/\/api.w.org\/{rel}","templated":true}]}}